+ t. What is the remainder when 20 is divided by p?
9
What is the remainder when 23 - -2*(-6)/4 is divided by (-1)/2*14/(-1)?
6
Let c(q) be the second derivative of 5*q**4/4 - q**2 - q. Let n be ((-4)/(-5))/((-3)/15*-2). Calculate the remainder when c(n) is divided by 15.
13
Let i = 32 - 26. What is the remainder when 23 is divided by i?
5
Suppose 3*w = 2*f + 305, -5*w = 2*f - 84 - 451. Calculate the remainder when w is divided by 27.
24
Let v(i) = -i**2 + 7*i + 10. What is the remainder when v(7) is divided by 6?
4
Let r(v) = -v**2 + 14*v + 31. What is the remainder when r(13) is divided by 23?
21
Let p = -2 - -10. Suppose b - 8 = -2*q - 2*b, 2*b + p = 0. Calculate the remainder when 49 is divided by q.
9
Calculate the remainder when 63 is divided by (-2)/(-7) + (-330)/(-21).
15
Suppose -3*c = -0*v + 5*v - 50, 5*c = -4*v + 53. Calculate the remainder when v is divided by 7.
0
Let h = -3 - -14. Suppose -3*f = 0, -f = -t - 1 + 5. Suppose 4*j - 20 = -t. Calculate the remainder when h is divided by j.
3
Let p = 5 - 5. Suppose -3*c - 3*f = -2*c - 9, p = 2*f + 4. What is the remainder when c is divided by 9?
6
Suppose 0 = 3*o - 2*o - 5*v - 10, -5*o - 3*v + 22 = 0. Let b(d) = -d**3 + 4*d**2 + 8*d - 7. Calculate the remainder when 13 is divided by b(o).
5
Let z(p) = -p**2 - p + 2. Let j be z(0). Suppose 0*q - j*q + 17 = 3*o, -5*o = -q - 24. Let t = -1 - -3. What is the remainder when t is divided by q?
0
Suppose 5*l + 8 - 63 = 0. What is the remainder when 28 is divided by l?
6
Let i = 8 - -3. Calculate the remainder when 41 + 4/(-2) + 3 is divided by i.
9
Let b = 15 - -3. Let i = -26 + 36. What is the remainder when b is divided by i?
8
Let f = 32 + -18. Let d = 12 + 29. Calculate the remainder when d is divided by f.
13
Let j(d) = -d + 48. Let c(y) = -2*y + 47. Let r = -12 - -10. Let u(z) = r*c(z) + 3*j(z). What is the remainder when u(0) is divided by 26?
24
Let h be (-1)/1*(0 - 4). Let t = 1 + h. What is the remainder when t is divided by 3?
2
Suppose 478 - 70 = 4*a - g, 4*a + 4*g - 388 = 0. Calculate the remainder when a is divided by 21.
17
Let m(a) = -8*a + 4. Let q be m(-7). Suppose -4*y + 4*h = -9*y + 51, -q = -5*y + 5*h. Let d = -6 + y. What is the remainder when 14 is divided by d?
4
Suppose 0*g + 3*g = 12. Suppose -4*b - 28 = -4*j, -36 + 11 = -g*j + b. What is the remainder when 23 is divided by j?
5
What is the remainder when 62 is divided by (-7)/(231/6) + 369/33?
7
Let w be -17 + 1 + 6 + -3. Let s = w + 19. Calculate the remainder when 10 is divided by s.
4
Suppose -3*c + 0 = -39. Suppose 0 = -4*v - 5 + c. Suppose -v*u = -3*u + 3, 4*j - 4*u - 152 = 0. What is the remainder when j is divided by 21?
20
What is the remainder when (14 + -12 + (-1 - 54))/(-1) is divided by 11?
9
Suppose 7*d - 105 = 4*d. What is the remainder when d is divided by 20?
15
Let u(m) = 6*m - 18. What is the remainder when 71 is divided by u(6)?
17
Let x(z) be the third derivative of z**6/40 - z**5/30 + z**3/6 + z**2. What is the remainder when x(1) is divided by 1?
0
What is the remainder when 104 is divided by 13 + -17 - (0 + -39)?
34
Let f = 199 - 132. Let l(m) = -4*m - 1. Calculate the remainder when f is divided by l(-6).
21
Suppose -484 = -0*x - 5*x + 4*j, 4*j - 380 = -4*x. What is the remainder when x is divided by 25?
21
Let j = 34 + -31. What is the remainder when (-16)/(-20)*(-25)/(-2) is divided by j?
1
Let k(j) = 2*j**2 - 6*j - 6. Let f be k(8). Suppose -2*a + 29 = r, -2*r = 5*a - f + 4. What is the remainder when 34 is divided by a?
10
Suppose 3*s - 73 = 5*n, 0 = -5*s + n - 2*n + 103. Let h = -1 + 2. What is the remainder when s is divided by 22/2*(0 + h)?
10
Suppose 5*c = 5*h + 75, -2*c + 4*h = 3*c - 78. What is the remainder when 53 is divided by c?
17
Let n be (-3*10/(-2))/1. Let b = 26 - n. Calculate the remainder when b is divided by 6.
5
Let r be (2 - 1)*(-3 + -11). Let t = 37 + r. What is the remainder when t is divided by (-1 - -1) + (14 - 2)?
11
Let c = 4 + -5. Calculate the remainder when 16 is divided by c - (-10 + (2 - 2)).
7
Suppose 0 = -6*n + 78 + 108. Calculate the remainder when n is divided by 17.
14
Let d(u) = -u**2 - 11*u - 6. Calculate the remainder when 10 is divided by d(-10).
2
Suppose 0 = -d - 4*d - 3*w - 19, 3*d = -3*w - 15. Let j(v) = 15*v - 1. Calculate the remainder when j(2) is divided by (-1 + (-11 - d))*-1.
9
Suppose -y = -0 + 2, y - 12 = -2*w. Let a = 25 - 51. What is the remainder when w is divided by a/(-8) + 1/(-4)?
1
Suppose 5*j + 0*a = a + 135, 0 = -2*j + 2*a + 62. What is the remainder when j is divided by 7?
5
Calculate the remainder when 1/(3/(-90))*(-16)/10 is divided by 9.
3
Suppose j + 4*w - 2*w + 39 = 0, 5*j + 202 = -3*w. Let p = j + 58. Suppose 5*v + 89 = 2*s, s = -3*s - 5*v + 103. Calculate the remainder when s is divided by p.
15
Let o = 20 - 16. What is the remainder when 10 is divided by o?
2
Suppose -3*c + 4*m - 6 = 0, c + 2*m + 6 = 14. Suppose r + 18 = 4*r. What is the remainder when r is divided by c?
0
Let q = 69 - 3. Let w = q + -47. Calculate the remainder when w is divided by 11.
8
Let t = 108 - 22. Suppose 54 = p - b - 2*b, -180 = -5*p - 3*b. Suppose 2*y = 5*l + y - t, -2*l = -5*y - p. Calculate the remainder when 49 is divided by l.
15
Suppose -3*n + 232 = 4*s, 116 = 2*s - n - n. Let d be (175/14)/(1/(-2)). Let a = d + s. What is the remainder when a is divided by 9?
6
Let u be (-2 + 3)*-3 - 0. Let z be 1 + (u - -3) - -2. What is the remainder when 19 is divided by 7 - 0/(-2 + z)?
5
Let y(g) = 2 + 2*g + 0*g**2 - g**2 + 2*g. Let q be y(4). Suppose -115 = -3*l - q*l. What is the remainder when l is divided by 12?
11
Suppose c - 6 = 7. Suppose 2*x = -2*x + 192. Suppose 0*f + x = 2*f. Calculate the remainder when f is divided by c.
11
Let g(r) = 2*r**3 - r**2 + r + 2. Let m = -6 - -4. Let n = m + 8. Calculate the remainder when g(2) is divided by n.
4
Suppose 8 = 2*m, -6*m = 2*l - m - 56. Suppose -14 = -2*u + l. Calculate the remainder when 40/12*(-1 - -10) is divided by u.
14
Suppose -16 = -5*h + h. What is the remainder when 35 is divided by h?
3
Let d(z) = -z**3 + 2*z**2 - z - 1. Suppose 0*y + 16 = y. Calculate the remainder when d(-3) is divided by y.
15
What is the remainder when 14 is divided by 6/((-4)/48*-9)?
6
Suppose 6*i = 3*i - 6, 36 = 5*k + 2*i. What is the remainder when 33 is divided by k?
1
Let a(g) = 3*g + 2. Let q be a(-2). Let x(d) = -3*d - 4. Let k be x(q). What is the remainder when (46/k)/((-2)/(-8)) is divided by 12?
11
Let n(l) = l - 1. Let y be n(3). Let f = 32 + 2. Suppose -4*t + y*t = -f. What is the remainder when 33 is divided by t?
16
Let k(y) = y**2 + 4*y - 2. Let o be k(-6). Calculate the remainder when 2/o + 777/15 is divided by 3/2*(11 + 1).
16
Suppose -3*f + 4*f + 5*n - 2 = 0, 12 = -f + 2*n. Let y(t) = -t**2 - 12*t - 11. What is the remainder when y(f) is divided by 11?
10
Let g(a) = -a**2 - 6*a + 6. Suppose -4*r - 2*x - x = 27, 0 = 2*r - 5*x - 19. Calculate the remainder when r/(-2)*(-64)/(-3) is divided by g(-5).
10
Let g(q) = 4*q**2 + 1. Suppose 0 = w - 3 + 1. Calculate the remainder when g(w) is divided by 9.
8
Suppose -5 + 1 = 2*i. Let b(k) = 2*k**2 + 3*k + 2. Calculate the remainder when 10 is divided by b(i).
2
Suppose 2 = 2*f - 2*g - 6, 0 = f - 3*g. Calculate the remainder when 9 is divided by f.
3
Suppose 3*z - 144 = -3*u, -2*u - 3*z + 8 = -91. What is the remainder when u is divided by 12?
9
Suppose -5*d + s + 52 = -0*s, 28 = 3*d + s. Calculate the remainder when 13 is divided by (3/(-6))/((-1)/d).
3
Let a = 1 + 9. What is the remainder when 57 is divided by a?
7
Suppose -3*t - g - 131 = 0, 2*t + 0*g - 2*g = -90. Let s = t - -80. Calculate the remainder when s is divided by 13.
10
Let i(r) = -r**3 - 8*r**2 - r - 7. Let k be i(-8). Suppose -b - 23 = k. What is the remainder when b/(1 + 1)*-1 is divided by 7?
5
Suppose -73 = 3*d - 268. Suppose 8*v - 3*v = d. Calculate the remainder when 0 + (1 + -1 - -23) is divided by v.
10
Let o = 191 + -105. What is the remainder when o is divided by 22?
20
Let v(d) be the second derivative of d**5/20 - 13*d**4/12 + 19*d**2/2 - 6*d. Calculate the remainder when v(13) is divided by 1*2 - (2 + -10).
9
Suppose 4*b - 38 = -5*n, 3*n - 15 = -b - n. Calculate the remainder when 10 is divided by b.
3
Suppose 9*w + 10 = 118.